e remainder when 126 is divided by 28.
14
What is the remainder when 196 is divided by 25?
21
Calculate the remainder when 5595 is divided by 14.
9
What is the remainder when 71 is divided by 41?
30
What is the remainder when 1542 is divided by 144?
102
What is the remainder when 503 is divided by 6?
5
What is the remainder when 5170 is divided by 1714?
28
Calculate the remainder when 31 is divided by 14.
3
Calculate the remainder when 1260 is divided by 97.
96
What is the remainder when 342 is divided by 159?
24
What is the remainder when 273 is divided by 2?
1
What is the remainder when 178 is divided by 24?
10
What is the remainder when 301 is divided by 69?
25
Calculate the remainder when 1177 is divided by 31.
30
What is the remainder when 3444 is divided by 30?
24
Calculate the remainder when 511 is divided by 249.
13
What is the remainder when 503 is divided by 27?
17
What is the remainder when 28 is divided by 4?
0
Calculate the remainder when 100 is divided by 56.
44
What is the remainder when 87 is divided by 22?
21
Calculate the remainder when 20625 is divided by 12.
9
Calculate the remainder when 1173 is divided by 147.
144
Calculate the remainder when 684 is divided by 74.
18
What is the remainder when 10888 is divided by 43?
9
Calculate the remainder when 40 is divided by 11.
7
Calculate the remainder when 642 is divided by 71.
3
What is the remainder when 579 is divided by 116?
115
What is the remainder when 301 is divided by 16?
13
Calculate the remainder when 561 is divided by 9.
3
Calculate the remainder when 1843 is divided by 18.
7
What is the remainder when 134 is divided by 107?
27
Calculate the remainder when 4266 is divided by 11.
9
Calculate the remainder when 5414 is divided by 15.
14
What is the remainder when 544 is divided by 172?
28
What is the remainder when 427 is divided by 163?
101
Calculate the remainder when 253 is divided by 24.
13
What is the remainder when 411 is divided by 69?
66
What is the remainder when 393 is divided by 135?
123
Calculate the remainder when 2791 is divided by 29.
7
What is the remainder when 6349 is divided by 254?
253
Calculate the remainder when 414 is divided by 32.
30
What is the remainder when 5215 is divided by 163?
162
Calculate the remainder when 70 is divided by 15.
10
What is the remainder when 327 is divided by 82?
81
Calculate the remainder when 770 is divided by 379.
12
What is the remainder when 658 is divided by 13?
8
What is the remainder when 95 is divided by 17?
10
Calculate the remainder when 131 is divided by 25.
6
Calculate the remainder when 1374 is divided by 196.
2
What is the remainder when 2777 is divided by 26?
21
Calculate the remainder when 3401 is divided by 81.
80
What is the remainder when 192 is divided by 76?
40
What is the remainder when 676 is divided by 20?
16
What is the remainder when 4696 is divided by 35?
6
Calculate the remainder when 58 is divided by 48.
10
What is the remainder when 115 is divided by 32?
19
Calculate the remainder when 633 is divided by 13.
9
Calculate the remainder when 924 is divided by 6.
0
What is the remainder when 168 is divided by 59?
50
What is the remainder when 2523 is divided by 110?
103
Calculate the remainder when 38 is divided by 25.
13
What is the remainder when 1217 is divided by 136?
129
Calculate the remainder when 1104 is divided by 550.
4
What is the remainder when 2243 is divided by 7?
3
What is the remainder when 357 is divided by 10?
7
What is the remainder when 791 is divided by 61?
59
What is the remainder when 1256 is divided by 18?
14
What is the remainder when 1628 is divided by 77?
11
What is the remainder when 581 is divided by 39?
35
What is the remainder when 547 is divided by 10?
7
What is the remainder when 27 is divided by 4?
3
What is the remainder when 360 is divided by 55?
30
Calculate the remainder when 488 is divided by 97.
3
What is the remainder when 1205 is divided by 4?
1
What is the remainder when 4893 is divided by 17?
14
What is the remainder when 487 is divided by 37?
6
Calculate the remainder when 3976 is divided by 34.
32
Calculate the remainder when 1263 is divided by 421.
0
Calculate the remainder when 3544 is divided by 39.
34
What is the remainder when 2008 is divided by 40?
8
Calculate the remainder when 2224 is divided by 14.
12
Calculate the remainder when 1022 is divided by 33.
32
Calculate the remainder when 64 is divided by 58.
6
Calculate the remainder when 82 is divided by 45.
37
What is the remainder when 2006 is divided by 45?
26
Calculate the remainder when 1249 is divided by 25.
24
What is the remainder when 107 is divided by 18?
17
Calculate the remainder when 3221 is divided by 52.
49
Calculate the remainder when 5522 is divided by 221.
218
What is the remainder when 8927 is divided by 39?
35
What is the remainder when 919 is divided by 52?
35
Calculate the remainder when 102 is divided by 18.
12
What is the remainder when 11096 is divided by 11?
8
What is the remainder when 366 is divided by 12?
6
Calculate the remainder when 2662 is divided by 86.
82
Calculate the remainder when 27 is divided by 5.
2
What is the remainder when 2813 is divided by 88?
85
What is the remainder when 38 is divided by 14?
10
What is the remainder when 1812 is divided by 256?
20
What is the remainder when 18 is divided by 13?
5
What is the remainder when 1119 is divided by 10?
9
What is the remainder when 111 is divided by 28?
27
What is the remainder when 85 is divided by 60?
25
What is the remainder when 119 is divided by 41?
37
What is the remainder when 144 is divided by 3?
0
What is the remainder when 598 is divided by 580?
18
What is the remainder when 7344 is divided by 31?
28
What is the remainder when 5109 is divided by 24?
21
Calculate the remainder when 368 is divided by 124.
120
What is the remainder when 782 is divided by 56?
54
What is the remainder when 338 is divided by 86?
80
Calculate the remainder when 67 is divided by 20.
7
What is the remainder when 212 is divided by 23?
5
Calculate the remainder when 151 is divided by 31.
27
Calculate the remainder when 371 is divided by 24.
11
What is the remainder when 177 is divided by 36?
33
What is the remainder when 292 is divided by 75?
67
Calculate the remainder when 428 is divided by 103.
16
What is the remainder when 512 is divided by 30?
2
Calculate the remainder when 2377 is divided by 63.
46
Calculate the remainder when 79 is divided by 12.
7
What is the remainder when 2975 is divided by 24?
23
Calculate the remainder when 310 is divided by 151.
8
What is the remainder when 39 is divided by 9?
3
Calculate the remainder when 43 is divided by 2.
1
Calculate the remainder when 296 is divided by 25.
21
Calculate the remainder when 2348 is divided by 9.
8
Calculate the remainder when 692 is divided by 9.
8
Calculate the remainder when 193 is divided by 52.
37
What is the remainder when 194 is divided by 13?
12
What is the remainder when 16 is divided by 4?
0
Calculate the remainder when 158 is divided by 80.
78
What is the remainder when 265 is divided by 54?
49
Calculate the remainder when 328 is divided by 157.
14
What is the remainder when 1725 is divided by 11?
9
Calculate the remainder when 4101 is divided by 76.
73
Calculate the remainder when 383 is divided by 342.
41
What is the remainder when 493 is divided by 235?
23
Calculate the remainder when 1645 is divided by 16.
13
What is the remainder when 77 is divided by 14?
7
Calculate the remainder when 32943 is divided by 102.
99
Calculate the remainder when 1246 is divided by 156.
154
What is the remainder when 79 is divided by 16?
15
What is the remainder when 4011 is divided by 34?
33
What is the remainder when 516 is divided by 136?
108
What is the remainder when 260 is divided by 124?
12
What is the remainder when 32 is divided by 24?
8
Calculate the remainder when 42310 is divided by 12.
10
Calculate the remainder when 17 is divided by 9.
8
What is the remainder when 149 is divided by 77?
72
What is the remainder when 547 is divided by 111?
103
What is the remainder when 21354 is divided by 21?
18
What is the remainder when 19 is divided by 7?
5
What is the remainder when 793 is divided by 199?
196
What is the remainder when 5835 is divided by 364?
